 12, 20*j - 2*i = 19*j + 21627. Is j a prime number?
False
Suppose 10*f = 12*f - 2*w + 1016, 2*w + 1539 = -3*f. Suppose 8*k - 3*n - 626 = 3*k, 2*k - 4*n = 256. Let t = k - f. Is t a prime number?
False
Suppose -135*k + 133*k - 3*b = -815245, 7 = -b. Is k a prime number?
True
Suppose 0 = -5*o + y - 84, -2*o - 3*y = -3*o - 28. Let k(a) = a**3 + 23*a**2 + 10*a + 61. Is k(o) prime?
True
Suppose -3*b + 22 = 4*k, k = b - 3*k - 2. Suppose -4*i - 307 = -v, -2*v + i = -b*v + 1228. Is v a composite number?
False
Let r(o) = -o**3 - 7*o**2 - 9*o - 8. Let v be r(-6). Suppose 2*b + 5*s + 8 = -7, 3*b + 5*s = -v. Let l(c) = 50*c + 1. Is l(b) a composite number?
False
Let t(u) = 579*u - 140. Let j be t(17). Suppose 2*v + 3*k = j, 5*k - 4852 = -v + 4*k. Is v composite?
True
Let d = 63 + 62. Let i = 452 - -346. Let k = i - d. Is k prime?
True
Suppose 42499 = -24*l + 29*l - 2*v, 0 = 4*v + 28. Is l composite?
True
Suppose -50*q + 212 = -638. Suppose -10*j + q*j = 2877. Is j prime?
False
Let f = -7739 + 10851. Let w = f - 1830. Is w a prime number?
False
Suppose 292*f = 377*f - 17500055. Is f composite?
False
Suppose 4*f = 3*o - 4 + 12, 5*f = 25. Let h = o - 2. Suppose -10*y + 11672 = -h*y. Is y composite?
False
Let x be ((-4)/10)/(-2) - 164/(-5). Suppose -3*o + x = -0*o. Suppose -13*p = -o*p - 178. Is p a composite number?
False
Let r = 11249 - 7756. Is r prime?
False
Suppose -36*d - 575 = 5797. Suppose -4*g + 18 = -t, -g = -5*t - 42 - 48. Let q = t - d. Is q a composite number?
True
Suppose -3*u + 9 - 3 = 0. Suppose -z = u*m + 3*z - 14, -m - 4*z = -11. Suppose -5*t + m*t = -3182. Is t a prime number?
False
Let y(u) = 2. Let c(j) = -2*j - 37. Let a(f) = -c(f) - 6*y(f). Let h be a(-13). Is -4227*((-24)/(-36) + h + 0) a composite number?
False
Suppose 183*i - 51636914 = -3337541. Is i a prime number?
False
Is (15 - 13)/((-4)/(-128678)) a prime number?
False
Suppose -50222655 = -155*l + 92*l. Is l a prime number?
False
Suppose q + 1 = 27. Let p = 31 - q. Suppose -p*k = -5*r + 460, -2*k - 258 = -3*r - 5*k. Is r composite?
False
Let z = -98 + 92. Is 413 - (z/6 - (-7 - -2)) a composite number?
False
Suppose 111*v + 22*v = -8*v + 17244159. Is v prime?
True
Suppose 7*j - 144 = -39. Suppose 0 = -10*p + 7*p - j, -26 = 3*c + 4*p. Is c - (-3)/2 - 50395/(-10) composite?
False
Suppose p = -5*u + 2809, 83*u - 5648 = -2*p + 88*u. Is p a prime number?
True
Let b = 81 - 79. Is 14/b - 7236/(-3) composite?
True
Suppose 20746975 = 96*b - 24064577. Is b a prime number?
True
Suppose -29*w - 221 = 40. Let j(z) be the third derivative of -z**6/60 - 13*z**5/60 - 5*z**4/24 + 7*z**3/6 - z**2. Is j(w) composite?
False
Let q(h) = -h**3 + h**2 - 23*h + 107. Let m be q(4). Let v(d) = d**3 + 41*d**2 - 24*d + 133. Is v(m) a composite number?
True
Let x(m) = m**2 - 3*m - 1. Let v be x(5). Suppose 0 = -v*s + 13*s - 3148. Is s a prime number?
True
Let n(x) = 2*x**3 + 6*x**2 + 9*x + 4. Let r be n(-2). Let i(c) = 424*c**2 + 10*c + 57. Is i(r) composite?
True
Let s = 1365 + 10456. Is s prime?
True
Let w = -14 - -21. Let p(l) be the third derivative of 41*l**4/24 - 11*l**3/3 + 2*l**2 + 64. Is p(w) a prime number?
False
Suppose 4*j - 51 = -47, -2*j + 272574 = 4*l. Is l prime?
False
Suppose 4*s - 36570 + 385764 = 3*i, 0 = 14*s - 11*s. Is i composite?
True
Let a(h) = -25*h + 233. Let d be a(9). Is 25839 - d*((-20)/16)/(-5) composite?
True
Suppose -33 - 28 = -3*d - 4*g, 3*d - 53 = -2*g. Suppose 172205 - 17060 = d*b. Is b a composite number?
False
Suppose -f - z = 3*f - 88424, -f = 2*z - 22113. Suppose 0 = -107*d + 102*d + f. Is d composite?
False
Let v(u) = u**3 + 83*u**2 + 219*u - 214. Is v(73) a composite number?
False
Suppose 33940 = 6*g - 95342. Is g prime?
False
Let z(v) = -16064*v + 2169. Is z(-40) a prime number?
True
Let a be 4/12*13 + 6/9. Suppose 0*j = -2*j + a*o - 8, o = -4*j + 28. Suppose j*h - 758 = 796. Is h a prime number?
False
Let f(n) = n. Suppose -12*a - 18 = -14*a. Let k be f(a). Is (4566/k)/((-3)/((-9)/2)) a composite number?
False
Suppose -2*b + 2*f = -6*b + 2842, 2*b + 3*f - 1423 = 0. Let g = b - 1066. Let s = g - -1307. Is s a prime number?
False
Suppose -3025*j + 2616313 = -3018*j. Is j composite?
True
Let u(i) = i**2 - 11*i + 240433. Is u(0) composite?
False
Let d be (7 + 63/(-27))/((-6)/27). Is (-638763)/d - (-7 + (-306)/(-42)) prime?
False
Let p = -311400 - -937379. Is p prime?
True
Let u = -83 - -87. Suppose 5*a + 10 = 0, y + 5*a + 0*a = -u. Suppose y*m - 8*m - t = -3602, 0 = -4*t. Is m prime?
True
Suppose 0 = 7*t - 8*t + 18. Let m be 3*(2362/18 + (-4)/t). Suppose -5*y + 137 + m = 0. Is y a prime number?
False
Suppose -32 = -4*q + 4*t, -5*t - 9 + 29 = 5*q. Let n be (q/(-10))/((-13)/(-65)). Is 6/18 - (4720/n)/2 composite?
False
Suppose l = 4*a + 62145, 178*l - 3*a - 186381 = 175*l. Is l a prime number?
False
Suppose 0 = -9*z + 14*z - 11500. Suppose 2*i + 684 = -4*w - z, -w = -i - 1492. Let p = 2705 + i. Is p a prime number?
True
Let h be -4 - (6941 + 3 + -5). Let m = 14160 + h. Is m prime?
False
Let x = 79 + -76. Let v(l) = 345*l**3 - l**2 + l - 4. Is v(x) a prime number?
False
Is (-6)/14 + (-758799136)/(-2296) prime?
False
Let a(j) = j**3 - 8*j**2 - 11*j + 22. Let d(f) = -1. Let q(o) = -a(o) + 3*d(o). Is q(-11) a composite number?
False
Suppose -4 = k - 5*k. Let o be k/((-1)/(-2)) + -2*2114. Let u = o - -6061. Is u prime?
False
Let s = 6 + 3. Let i(t) = t**3 - 10*t**2 + 10*t + 20. Let h be i(s). Suppose h*v = 25*v + 268. Is v a prime number?
True
Is (-317083 - -366)*1*-1 prime?
True
Suppose 4*f = -3*l + 2*l + 17, -4*l + 29 = 3*f. Suppose -15 = f*i, -3*m - 3*i = -0*m - 39774. Is m a composite number?
True
Let s(k) = 12684*k**2 + k + 1. Let v be s(-1). Suppose 3*i - v = 7515. Is i a prime number?
True
Is 1/(1 - (-2984528)/(-2131820) - (-6)/15) prime?
True
Suppose t = 4*n + 32293, 3*t - 4*n = 98450 - 1611. Is t composite?
True
Is 2076674/46 + (-54)/621 composite?
True
Let d be (10/(-4))/((-4)/8). Suppose d*t - 350 = 225. Is t prime?
False
Suppose -6*y - 21280 = 13*y. Let a = 10631 + y. Is a a composite number?
False
Suppose 2*u + 21 - 25 = 0, -4*b - u + 10 = 0. Suppose 2359 = b*s - 4*o - 6727, 5*s - 22745 = -5*o. Is s a composite number?
False
Suppose b - 34263 = -4*y + 175702, 13*y + 209863 = b. Is b a composite number?
True
Let h(q) be the second derivative of 29*q**5/20 + 2*q**4/3 + 7*q**3/2 - 77*q**2/2 + 64*q. Is h(8) a prime number?
True
Let g be ((-18)/(-2)*-1)/1. Is (51226/21)/((-33)/g - 3) composite?
False
Let o(t) = 505*t + 107. Let s be o(-12). Let w = -3920 - s. Is w composite?
True
Let b be (9/15 + (-2)/(-5))/1. Suppose m - 3*h = -b + 34, m = 5*h + 29. Let g = m + 1796. Is g a composite number?
True
Suppose 3*g + 4*b = 27224 - 1355, 4*g = -2*b + 34502. Suppose 5*v + 1582 = g. Suppose -3*h + v = -0*h - j, j - 4 = 0. Is h a prime number?
False
Let x be 0*-2*(2/1)/4. Suppose -y - 3*y + 9140 = x. Is y composite?
True
Let d = -70 - -69. Is ((-15 + 14)/((-2)/(-11474)))/d a composite number?
False
Is 10678392/28 + (-9)/63 a prime number?
True
Suppose -4*p + 2*y = -1488892, -5*p = 4*y - 843600 - 1017515. Is p composite?
False
Let z be 33/(45/10 - 3). Suppose 20*t = z*t - 164. Let p = 185 - t. Is p a prime number?
True
Suppose 36164 = -5*k + 10*k + 4*q, 3*q = -5*k + 36168. Suppose -g = 3*z - 3634, 2*z + k + 56 = 2*g. Is g a composite number?
False
Let s = 1870 + -1865. Let x = 508 - -125. Suppose -2*o + 5*k + x = -o, -5*o + s*k = -3085. Is o composite?
False
Let z(x) = 660*x**2 + 13*x + 193. Is z(16) a composite number?
False
Let d(m) = -m**3 - 5*m**2 + 16*m + 12. Let c(u) = -4*u + 53. Let x be c(15). Let k be d(x). Is k/(-2) - -367 - (-1 - -2) prime?
True
Let j(r) = 203*r**3 - 3*r**2 + 2*r + 5. Let z be j(4). Suppose n - 2*d - 2509 = 84, 5*n - z = 2*d. Is n a composite number?
False
Suppose 0*y = 5*y + 2*y. Suppose y = 5*x - 2*x - 15. Suppose 10 = 2*v, v = -x*t + 489 + 1111. Is t a composite number?
True
Suppose -264 = -3*i - 3*z, 3*i = -5*z + z + 267. Suppose -i*s - 3813 = -88*s. Is s a prime number?
False
Let q = -299 - -203. Let o = 351 - q. Is o prime?
False
Suppose -4*s + 0*q + q - 9 = 0, 2 = 2*q. Let v(j) = 1586*j + 3. Let z(l) = -6345*l - 11. Let w(x) = -9*v(x) - 2*z(x). Is w(s) a prime number?
True
Let h be 8*(2 - 178)/((-5)/20). Let r = h - 2385. Is r a prime numbe